{"id":230,"date":"2026-03-31T07:00:03","date_gmt":"2026-03-31T07:00:03","guid":{"rendered":"https:\/\/ysl.azdigi.shop\/?post_type=product&#038;p=230"},"modified":"2026-04-24T15:21:42","modified_gmt":"2026-04-24T15:21:42","slug":"mousse-bo-hat-phi","status":"publish","type":"product","link":"https:\/\/ysl.azdigi.shop\/index.php\/san-pham\/mousse-bo-hat-phi\/","title":{"rendered":"MOUSSE B\u01a0 H\u1ea0T PH\u1ec8"},"content":{"rendered":"<h2><strong>1. Gi\u1edbi thi\u1ec7u b\u00e1nh<\/strong><\/h2>\n<p>Kh\u00f4ng ngoa khi n\u00f3i r\u1eb1ng Mousse B\u01a1 H\u1ea1t Ph\u1ec9 l\u00e0 \u1ed5 b\u00e1nh d\u00e0nh ri\u00eang cho m\u00f9a l\u1ec5 h\u1ed9i v\u00ec s\u1ef1 \u1ea5m \u00e1p v\u1ed1n c\u00f3 t\u1eeb vi\u1ec7c k\u1ebft h\u1ee3p ho\u00e0n h\u1ea3o gi\u1eefa v\u1ecb \u0111\u1eafng nh\u1eb9 nh\u00e0ng c\u1ee7a Cafe rang nguy\u00ean ch\u1ea5t, v\u1ecb b\u00f9i b\u00f9i c\u1ee7a b\u01a1 h\u1ea1t ph\u1ec9 v\u00e0 h\u1ea1nh nh\u00e2n, thoang tho\u1ea3ng h\u01b0\u01a1ng r\u01b0\u1ee3u Rhum tr\u00ean b\u1ec1 m\u1eb7t t\u1ea1o n\u00ean m\u1ed9t tr\u1ea3i nghi\u1ec7m tinh t\u1ebf, sang tr\u1ecdng cho b\u1eefa ti\u1ec7c c\u1ee7a b\u1ea1n.<\/p>\n<p>Th\u01b0\u1edfng tr\u1ecdn v\u1ecb bay b\u1ed5ng v\u00e0 ch\u00e2n th\u1eadt nh\u1ea5t \u0111\u1ecbnh c\u1ee7a \u1ed5 b\u00e1nh m\u00f9a l\u1ec5 h\u1ed9i \u2013 Mousse B\u01a1 H\u1ea1t Ph\u1ec9.<\/p>\n<p data-start=\"195\" data-end=\"217\">\ud83c\udf30 \u0110i\u1ec3m n\u1ed5i b\u1eadt:<\/p>\n<ul data-start=\"218\" data-end=\"386\">\n<li data-section-id=\"1e9mhav\" data-start=\"218\" data-end=\"275\">H\u01b0\u01a1ng h\u1ea1t ph\u1ec9 rang th\u01a1m b\u00f9i, t\u1ef1 nhi\u00ean v\u00e0 cu\u1ed1n h\u00fat<\/li>\n<li data-section-id=\"6k47pq\" data-start=\"276\" data-end=\"331\">V\u1ecb b\u00e9o m\u1ecbn, ng\u1eady nh\u1eb9 nh\u01b0ng v\u1eabn thanh, kh\u00f4ng g\u1eaft<\/li>\n<li data-section-id=\"j3t4j5\" data-start=\"332\" data-end=\"386\">K\u1ebft c\u1ea5u mousse m\u1ec1m m\u01b0\u1ee3t \u2013 tan ngay trong mi\u1ec7ng<\/li>\n<\/ul>\n<p data-start=\"556\" data-end=\"771\">\ud83d\udc9b Tr\u1ea3i nghi\u1ec7m:<br data-start=\"575\" data-end=\"578\" \/>M\u1ed7i mi\u1ebfng b\u00e1nh l\u00e0 s\u1ef1 h\u00f2a quy\u1ec7n ho\u00e0n h\u1ea3o gi\u1eefa v\u1ecb b\u00f9i c\u1ee7a h\u1ea1t ph\u1ec9 v\u00e0 \u0111\u1ed9 b\u00e9o m\u1ecbn c\u1ee7a mousse, mang l\u1ea1i c\u1ea3m gi\u00e1c tinh t\u1ebf \u2013 sang tr\u1ecdng \u2013 kh\u00f3 c\u01b0\u1ee1ng, r\u1ea5t ph\u00f9 h\u1ee3p \u0111\u1ec3 th\u01b0\u1edfng th\u1ee9c ho\u1eb7c l\u00e0m qu\u00e0 t\u1eb7ng.<\/p>\n<p>&nbsp;<\/p>\n<h2><strong>2. M\u00f4 t\u1ea3 c\u1ea5u tr\u00fac b\u00e1nh<\/strong><\/h2>\n<ol>\n<li>Trang tr\u00ed v\u1edbi Chocolate v\u00e0 nho t\u01b0\u01a1i<\/li>\n<li>L\u1edbp Mousse t\u1eeb kem t\u01b0\u01a1i v\u00e0 b\u01a1 h\u1ea1t ph\u1ec9<\/li>\n<li>L\u1edbp Mousse Cafe v\u00e0 h\u1ea1nh nh\u00e2n<\/li>\n<li>L\u1edbp b\u00f4ng lan cacao \u0111\u1eafng nh\u1eb9<\/li>\n<li>L\u1edbp Mousse h\u1ea1t ph\u1ec9 th\u1ee9 hai<\/li>\n<li>L\u1edbp b\u00f4ng lan cacao, r\u01b0\u1ee3u Rhum<\/li>\n<\/ol>\n<h2><strong>3. Th\u00f4ng tin b\u00e1nh<\/strong><\/h2>\n<p>Size \u0111\u01b0\u1eddng k\u00ednh 18cm v\u00e0 22cm<\/p>\n<p><em><strong>B\u00e1nh ngon l\u00e0nh v\u00e0 tr\u1ecdn v\u1eb9n h\u01a1n khi \u0111\u01b0\u1ee3c b\u1ea3o qu\u1ea3n l\u1ea1nh.<\/strong><\/em><\/p>\n<hr \/>\n<p>TH\u00d4NG TIN LI\u00caN H\u1ec6<\/p>\n<p>S\u1ed1 \u0111i\u1ec7n tho\u1ea1i: 0796797520<\/p>\n<p>Email: hopebakery@gmailcom<\/p>\n<p>\u0110\u1ecba ch\u1ec9: 265 Nguy\u1ec5n V\u0103n L\u01b0\u1ee3ng<\/p>\n","protected":false},"excerpt":{"rendered":"<p>Kh\u00f4ng ngoa khi n\u00f3i r\u1eb1ng Mousse B\u01a1 H\u1ea1t Ph\u1ec9 l\u00e0 \u1ed5 b\u00e1nh d\u00e0nh ri\u00eang cho m\u00f9a l\u1ec5 h\u1ed9i v\u00ec s\u1ef1 \u1ea5m \u00e1p v\u1ed1n c\u00f3 t\u1eeb vi\u1ec7c k\u1ebft h\u1ee3p ho\u00e0n h\u1ea3o gi\u1eefa v\u1ecb \u0111\u1eafng nh\u1eb9 nh\u00e0ng c\u1ee7a Cafe rang nguy\u00ean ch\u1ea5t, v\u1ecb b\u00f9i b\u00f9i c\u1ee7a b\u01a1 h\u1ea1t ph\u1ec9 v\u00e0 h\u1ea1nh nh\u00e2n, thoang tho\u1ea3ng h\u01b0\u01a1ng r\u01b0\u1ee3u Rhum tr\u00ean b\u1ec1 m\u1eb7t t\u1ea1o n\u00ean m\u1ed9t tr\u1ea3i nghi\u1ec7m tinh t\u1ebf, sang tr\u1ecdng cho b\u1eefa ti\u1ec7c c\u1ee7a b\u1ea1n.<\/p>\n<p>Size \u0111\u01b0\u1eddng k\u00ednh 18cm v\u00e0 22cm<\/p>\n","protected":false},"featured_media":191,"comment_status":"open","ping_status":"closed","template":"","meta":[],"product_brand":[],"product_cat":[35],"product_tag":[],"class_list":{"0":"post-230","1":"product","2":"type-product","3":"status-publish","4":"has-post-thumbnail","6":"product_cat-https-ysl-azdigi-shop-index-php-san-pham-mousse-bo","8":"first","9":"instock","10":"shipping-taxable","11":"purchasable","12":"product-type-variable"},"yoast_head":"<!-- This site is optimized with the Yoast SEO plugin v27.2 - https:\/\/yoast.com\/product\/yoast-seo-wordpress\/ -->\n<title>MOUSSE B\u01a0 H\u1ea0T PH\u1ec8 - HopeBakery<\/title>\n<meta name=\"description\" content=\"k\u1ebft h\u1ee3p ho\u00e0n h\u1ea3o gi\u1eefa v\u1ecb \u0111\u1eafng nh\u1eb9 nh\u00e0ng c\u1ee7a Cafe rang nguy\u00ean ch\u1ea5t, v\u1ecb b\u00f9i b\u00f9i c\u1ee7a b\u01a1 h\u1ea1t ph\u1ec9 v\u00e0 h\u1ea1nh nh\u00e2n, thoang tho\u1ea3ng h\u01b0\u01a1ng r\u01b0\u1ee3u Rhum\" \/>\n<meta name=\"robots\" content=\"index, follow, max-snippet:-1, max-image-preview:large, max-video-preview:-1\" \/>\n<link rel=\"canonical\" href=\"https:\/\/ysl.azdigi.shop\/index.php\/san-pham\/mousse-bo-hat-phi\/\" \/>\n<meta property=\"og:locale\" content=\"vi_VN\" \/>\n<meta property=\"og:type\" content=\"article\" \/>\n<meta property=\"og:title\" content=\"MOUSSE B\u01a0 H\u1ea0T PH\u1ec8 - HopeBakery\" \/>\n<meta property=\"og:description\" content=\"k\u1ebft h\u1ee3p ho\u00e0n h\u1ea3o gi\u1eefa v\u1ecb \u0111\u1eafng nh\u1eb9 nh\u00e0ng c\u1ee7a Cafe rang nguy\u00ean ch\u1ea5t, v\u1ecb b\u00f9i b\u00f9i c\u1ee7a b\u01a1 h\u1ea1t ph\u1ec9 v\u00e0 h\u1ea1nh nh\u00e2n, thoang tho\u1ea3ng h\u01b0\u01a1ng r\u01b0\u1ee3u Rhum\" \/>\n<meta property=\"og:url\" content=\"https:\/\/ysl.azdigi.shop\/index.php\/san-pham\/mousse-bo-hat-phi\/\" \/>\n<meta property=\"og:site_name\" content=\"HopeBakery\" \/>\n<meta property=\"article:modified_time\" content=\"2026-04-24T15:21:42+00:00\" \/>\n<meta property=\"og:image\" content=\"https:\/\/ysl.azdigi.shop\/wp-content\/uploads\/2026\/03\/HAT-PHI-1.webp\" \/>\n\t<meta property=\"og:image:width\" content=\"1024\" \/>\n\t<meta property=\"og:image:height\" content=\"768\" \/>\n\t<meta property=\"og:image:type\" content=\"image\/webp\" \/>\n<meta name=\"twitter:card\" content=\"summary_large_image\" \/>\n<meta name=\"twitter:label1\" content=\"\u01af\u1edbc t\u00ednh th\u1eddi gian \u0111\u1ecdc\" \/>\n\t<meta name=\"twitter:data1\" content=\"2 ph\u00fat\" \/>\n<script type=\"application\/ld+json\" class=\"yoast-schema-graph\">{\"@context\":\"https:\/\/schema.org\",\"@graph\":[{\"@type\":\"WebPage\",\"@id\":\"https:\/\/ysl.azdigi.shop\/index.php\/san-pham\/mousse-bo-hat-phi\/\",\"url\":\"https:\/\/ysl.azdigi.shop\/index.php\/san-pham\/mousse-bo-hat-phi\/\",\"name\":\"MOUSSE B\u01a0 H\u1ea0T PH\u1ec8 - HopeBakery\",\"isPartOf\":{\"@id\":\"https:\/\/ysl.azdigi.shop\/#website\"},\"primaryImageOfPage\":{\"@id\":\"https:\/\/ysl.azdigi.shop\/index.php\/san-pham\/mousse-bo-hat-phi\/#primaryimage\"},\"image\":{\"@id\":\"https:\/\/ysl.azdigi.shop\/index.php\/san-pham\/mousse-bo-hat-phi\/#primaryimage\"},\"thumbnailUrl\":\"https:\/\/ysl.azdigi.shop\/wp-content\/uploads\/2026\/03\/HAT-PHI-1.webp\",\"datePublished\":\"2026-03-31T07:00:03+00:00\",\"dateModified\":\"2026-04-24T15:21:42+00:00\",\"description\":\"k\u1ebft h\u1ee3p ho\u00e0n h\u1ea3o gi\u1eefa v\u1ecb \u0111\u1eafng nh\u1eb9 nh\u00e0ng c\u1ee7a Cafe rang nguy\u00ean ch\u1ea5t, v\u1ecb b\u00f9i b\u00f9i c\u1ee7a b\u01a1 h\u1ea1t ph\u1ec9 v\u00e0 h\u1ea1nh nh\u00e2n, thoang tho\u1ea3ng h\u01b0\u01a1ng r\u01b0\u1ee3u Rhum\",\"breadcrumb\":{\"@id\":\"https:\/\/ysl.azdigi.shop\/index.php\/san-pham\/mousse-bo-hat-phi\/#breadcrumb\"},\"inLanguage\":\"vi\",\"potentialAction\":[{\"@type\":\"ReadAction\",\"target\":[\"https:\/\/ysl.azdigi.shop\/index.php\/san-pham\/mousse-bo-hat-phi\/\"]}]},{\"@type\":\"ImageObject\",\"inLanguage\":\"vi\",\"@id\":\"https:\/\/ysl.azdigi.shop\/index.php\/san-pham\/mousse-bo-hat-phi\/#primaryimage\",\"url\":\"https:\/\/ysl.azdigi.shop\/wp-content\/uploads\/2026\/03\/HAT-PHI-1.webp\",\"contentUrl\":\"https:\/\/ysl.azdigi.shop\/wp-content\/uploads\/2026\/03\/HAT-PHI-1.webp\",\"width\":1024,\"height\":768},{\"@type\":\"BreadcrumbList\",\"@id\":\"https:\/\/ysl.azdigi.shop\/index.php\/san-pham\/mousse-bo-hat-phi\/#breadcrumb\",\"itemListElement\":[{\"@type\":\"ListItem\",\"position\":1,\"name\":\"Trang ch\u1ee7\",\"item\":\"https:\/\/ysl.azdigi.shop\/\"},{\"@type\":\"ListItem\",\"position\":2,\"name\":\"C\u1eeda h\u00e0ng\",\"item\":\"https:\/\/ysl.azdigi.shop\/index.php\/cua-hang\/\"},{\"@type\":\"ListItem\",\"position\":3,\"name\":\"MOUSSE B\u01a0 H\u1ea0T PH\u1ec8\"}]},{\"@type\":\"WebSite\",\"@id\":\"https:\/\/ysl.azdigi.shop\/#website\",\"url\":\"https:\/\/ysl.azdigi.shop\/\",\"name\":\"HopeBakery\",\"description\":\"\",\"potentialAction\":[{\"@type\":\"SearchAction\",\"target\":{\"@type\":\"EntryPoint\",\"urlTemplate\":\"https:\/\/ysl.azdigi.shop\/?s={search_term_string}\"},\"query-input\":{\"@type\":\"PropertyValueSpecification\",\"valueRequired\":true,\"valueName\":\"search_term_string\"}}],\"inLanguage\":\"vi\"}]}<\/script>\n<!-- \/ Yoast SEO plugin. -->","yoast_head_json":{"title":"MOUSSE B\u01a0 H\u1ea0T PH\u1ec8 - HopeBakery","description":"k\u1ebft h\u1ee3p ho\u00e0n h\u1ea3o gi\u1eefa v\u1ecb \u0111\u1eafng nh\u1eb9 nh\u00e0ng c\u1ee7a Cafe rang nguy\u00ean ch\u1ea5t, v\u1ecb b\u00f9i b\u00f9i c\u1ee7a b\u01a1 h\u1ea1t ph\u1ec9 v\u00e0 h\u1ea1nh nh\u00e2n, thoang tho\u1ea3ng h\u01b0\u01a1ng r\u01b0\u1ee3u Rhum","robots":{"index":"index","follow":"follow","max-snippet":"max-snippet:-1","max-image-preview":"max-image-preview:large","max-video-preview":"max-video-preview:-1"},"canonical":"https:\/\/ysl.azdigi.shop\/index.php\/san-pham\/mousse-bo-hat-phi\/","og_locale":"vi_VN","og_type":"article","og_title":"MOUSSE B\u01a0 H\u1ea0T PH\u1ec8 - HopeBakery","og_description":"k\u1ebft h\u1ee3p ho\u00e0n h\u1ea3o gi\u1eefa v\u1ecb \u0111\u1eafng nh\u1eb9 nh\u00e0ng c\u1ee7a Cafe rang nguy\u00ean ch\u1ea5t, v\u1ecb b\u00f9i b\u00f9i c\u1ee7a b\u01a1 h\u1ea1t ph\u1ec9 v\u00e0 h\u1ea1nh nh\u00e2n, thoang tho\u1ea3ng h\u01b0\u01a1ng r\u01b0\u1ee3u Rhum","og_url":"https:\/\/ysl.azdigi.shop\/index.php\/san-pham\/mousse-bo-hat-phi\/","og_site_name":"HopeBakery","article_modified_time":"2026-04-24T15:21:42+00:00","og_image":[{"width":1024,"height":768,"url":"https:\/\/ysl.azdigi.shop\/wp-content\/uploads\/2026\/03\/HAT-PHI-1.webp","type":"image\/webp"}],"twitter_card":"summary_large_image","twitter_misc":{"\u01af\u1edbc t\u00ednh th\u1eddi gian \u0111\u1ecdc":"2 ph\u00fat"},"schema":{"@context":"https:\/\/schema.org","@graph":[{"@type":"WebPage","@id":"https:\/\/ysl.azdigi.shop\/index.php\/san-pham\/mousse-bo-hat-phi\/","url":"https:\/\/ysl.azdigi.shop\/index.php\/san-pham\/mousse-bo-hat-phi\/","name":"MOUSSE B\u01a0 H\u1ea0T PH\u1ec8 - HopeBakery","isPartOf":{"@id":"https:\/\/ysl.azdigi.shop\/#website"},"primaryImageOfPage":{"@id":"https:\/\/ysl.azdigi.shop\/index.php\/san-pham\/mousse-bo-hat-phi\/#primaryimage"},"image":{"@id":"https:\/\/ysl.azdigi.shop\/index.php\/san-pham\/mousse-bo-hat-phi\/#primaryimage"},"thumbnailUrl":"https:\/\/ysl.azdigi.shop\/wp-content\/uploads\/2026\/03\/HAT-PHI-1.webp","datePublished":"2026-03-31T07:00:03+00:00","dateModified":"2026-04-24T15:21:42+00:00","description":"k\u1ebft h\u1ee3p ho\u00e0n h\u1ea3o gi\u1eefa v\u1ecb \u0111\u1eafng nh\u1eb9 nh\u00e0ng c\u1ee7a Cafe rang nguy\u00ean ch\u1ea5t, v\u1ecb b\u00f9i b\u00f9i c\u1ee7a b\u01a1 h\u1ea1t ph\u1ec9 v\u00e0 h\u1ea1nh nh\u00e2n, thoang tho\u1ea3ng h\u01b0\u01a1ng r\u01b0\u1ee3u Rhum","breadcrumb":{"@id":"https:\/\/ysl.azdigi.shop\/index.php\/san-pham\/mousse-bo-hat-phi\/#breadcrumb"},"inLanguage":"vi","potentialAction":[{"@type":"ReadAction","target":["https:\/\/ysl.azdigi.shop\/index.php\/san-pham\/mousse-bo-hat-phi\/"]}]},{"@type":"ImageObject","inLanguage":"vi","@id":"https:\/\/ysl.azdigi.shop\/index.php\/san-pham\/mousse-bo-hat-phi\/#primaryimage","url":"https:\/\/ysl.azdigi.shop\/wp-content\/uploads\/2026\/03\/HAT-PHI-1.webp","contentUrl":"https:\/\/ysl.azdigi.shop\/wp-content\/uploads\/2026\/03\/HAT-PHI-1.webp","width":1024,"height":768},{"@type":"BreadcrumbList","@id":"https:\/\/ysl.azdigi.shop\/index.php\/san-pham\/mousse-bo-hat-phi\/#breadcrumb","itemListElement":[{"@type":"ListItem","position":1,"name":"Trang ch\u1ee7","item":"https:\/\/ysl.azdigi.shop\/"},{"@type":"ListItem","position":2,"name":"C\u1eeda h\u00e0ng","item":"https:\/\/ysl.azdigi.shop\/index.php\/cua-hang\/"},{"@type":"ListItem","position":3,"name":"MOUSSE B\u01a0 H\u1ea0T PH\u1ec8"}]},{"@type":"WebSite","@id":"https:\/\/ysl.azdigi.shop\/#website","url":"https:\/\/ysl.azdigi.shop\/","name":"HopeBakery","description":"","potentialAction":[{"@type":"SearchAction","target":{"@type":"EntryPoint","urlTemplate":"https:\/\/ysl.azdigi.shop\/?s={search_term_string}"},"query-input":{"@type":"PropertyValueSpecification","valueRequired":true,"valueName":"search_term_string"}}],"inLanguage":"vi"}]}},"_links":{"self":[{"href":"https:\/\/ysl.azdigi.shop\/index.php\/wp-json\/wp\/v2\/product\/230","targetHints":{"allow":["GET"]}}],"collection":[{"href":"https:\/\/ysl.azdigi.shop\/index.php\/wp-json\/wp\/v2\/product"}],"about":[{"href":"https:\/\/ysl.azdigi.shop\/index.php\/wp-json\/wp\/v2\/types\/product"}],"replies":[{"embeddable":true,"href":"https:\/\/ysl.azdigi.shop\/index.php\/wp-json\/wp\/v2\/comments?post=230"}],"wp:featuredmedia":[{"embeddable":true,"href":"https:\/\/ysl.azdigi.shop\/index.php\/wp-json\/wp\/v2\/media\/191"}],"wp:attachment":[{"href":"https:\/\/ysl.azdigi.shop\/index.php\/wp-json\/wp\/v2\/media?parent=230"}],"wp:term":[{"taxonomy":"product_brand","embeddable":true,"href":"https:\/\/ysl.azdigi.shop\/index.php\/wp-json\/wp\/v2\/product_brand?post=230"},{"taxonomy":"product_cat","embeddable":true,"href":"https:\/\/ysl.azdigi.shop\/index.php\/wp-json\/wp\/v2\/product_cat?post=230"},{"taxonomy":"product_tag","embeddable":true,"href":"https:\/\/ysl.azdigi.shop\/index.php\/wp-json\/wp\/v2\/product_tag?post=230"}],"curies":[{"name":"wp","href":"https:\/\/api.w.org\/{rel}","templated":true}]}}